{"id":762,"date":"2021-10-07T10:44:39","date_gmt":"2021-10-07T08:44:39","guid":{"rendered":"http:\/\/192.170.160.110:8889\/?page_id=762"},"modified":"2021-11-08T10:34:28","modified_gmt":"2021-11-08T09:34:28","slug":"mentions-relatives-a-lutilisation-des-cookies","status":"publish","type":"page","link":"https:\/\/www.engit.mc\/index.php\/mentions-relatives-a-lutilisation-des-cookies\/","title":{"rendered":"MENTIONS RELATIVES \u00c0 L&rsquo;UTILISATION DES COOKIES"},"content":{"rendered":"<div class=\"style-516 style-local-764-c1 position-relative\" data-colibri-id=\"764-c1\">\n<div id=\"initial-content\" class=\"h-section h-section-global-spacing d-flex align-items-lg-center align-items-md-center align-items-center style-517 style-local-764-c2 position-relative\" data-colibri-component=\"section\" data-colibri-id=\"764-c2\">\n<div class=\"h-section-grid-container h-section-boxed-container\">\n<div class=\"h-row-container gutters-row-lg-2 gutters-row-md-2 gutters-row-0 gutters-row-v-lg-2 gutters-row-v-md-2 gutters-row-v-2 style-518 style-local-764-c3 position-relative\" data-colibri-id=\"764-c3\">\n<div class=\"h-row justify-content-lg-center justify-content-md-center justify-content-center align-items-lg-stretch align-items-md-stretch align-items-stretch gutters-col-lg-2 gutters-col-md-2 gutters-col-0 gutters-col-v-lg-2 gutters-col-v-md-2 gutters-col-v-2\">\n<div class=\"h-column h-column-container d-flex h-col-lg-auto h-col-md-auto h-col-auto style-519-outer style-local-764-c4-outer\">\n<div class=\"d-flex h-flex-basis h-column__inner h-px-lg-2 h-px-md-2 h-px-2 v-inner-lg-2 v-inner-md-2 v-inner-2 style-519 style-local-764-c4 position-relative\" data-colibri-id=\"764-c4\">\n<div class=\"w-100 h-y-container h-column__content h-column__v-align flex-basis-100 align-self-lg-start align-self-md-start align-self-start\">\n<div class=\"style-520 style-local-764-c5 position-relative h-element\" data-colibri-id=\"764-c5\">\n<div>\n<h4 style=\"padding-top: 20px;\">UTILISATION DES COOKIES PAR LE SITE WWW.ENGIT.MC<\/h4>\nLe site www.engit.mc n\u2019utilise pas de cookies. Ainsi, lorsque vous vous connectez au site, le site ne collecte ou ne conserve aucune donn\u00e9e vous concernant.\n<h4 style=\"padding-top: 20px;\">INFORMATIONS GENERALES SUR LES COOKIES<\/h4>\n<h6 style=\"padding-top: 15px;\">Qu&rsquo;est-ce qu&rsquo;un \u00ab\u00a0cookie\u00a0\u00bb ?<\/h6>\n<div>Un \u00ab\u00a0cookie\u00a0\u00bb est un fichier de taille limit\u00e9e, g\u00e9n\u00e9ralement constitu\u00e9 de lettres et de chiffres, envoy\u00e9 par le serveur internet au fichier cookie du navigateur situ\u00e9 sur le disque dur de votre ordinateur.<\/div>\n<div><\/div>\n<h6 style=\"padding-top: 15px;\">Quel type de cookie ce site utilise-t-il ?<\/h6>\n<div>Aucun<\/div>\n<div><\/div>\n<h4 style=\"padding-top: 20px;\">ACTIVATION ET DESACTIVATION DES COOKIES ET TECHNOLOGIES SEMBLABLES<\/h4>\nAfin de profiter au mieux du Web, il est possible \u00e0 chaque internaute s&rsquo;opposer \u00e0 l&rsquo;enregistrement de \u00ab\u00a0cookies\u00a0\u00bb en configurant son navigateur en consultant la rubrique \u00ab\u00a0aide\u00a0\u00bb de son navigateur ou aux pages suivantes :\n<ul style=\"padding-top: 10px; padding-bottom: 10px; padding-left: 10px;\">\n \t<li><a target=\"_blank\" href=\"https:\/\/support.google.com\/accounts\/answer\/61416?co=GENIE.Platform%3DDesktop&amp;hl=fr\" rel=\"noopener\">Google Chrome<\/a><\/li>\n \t<li><a target=\"_blank\" href=\"https:\/\/privacy.microsoft.com\/en-us\/windows-10-microsoft-edge-and-privacy\" rel=\"noopener\">Microsoft Edge<\/a><\/li>\n \t<li><a target=\"_blank\" href=\"https:\/\/support.mozilla.org\/fr\/kb\/protection-renforcee-contre-pistage-firefox-ordinateur?redirectslug=enable-and-disable-cookies-website-preferences&amp;redirectlocale=en-US\" rel=\"noopener\">Mozilla Firefox<\/a><\/li>\n \t<li><a target=\"_blank\" href=\"https:\/\/support.microsoft.com\/fr-fr\/topic\/supprimer-et-g%C3%A9rer-les-cookies-168dab11-0753-043d-7c16-ede5947fc64d#:~:text=Dans%20Internet%20Explorer%2C%20s%C3%A9lectionnez%20le,Web%20%2C%20puis%20cliquez%20sur%20supprimer.\" rel=\"noopener\">Microsoft Internet Explorer<\/a><\/li>\n \t<li><a target=\"_blank\" href=\"https:\/\/www.opera.com\/help\/tutorials\/security\/privacy\/\" rel=\"noopener\">Opera<\/a><\/li>\n \t<li><a target=\"_blank\" href=\"https:\/\/support.apple.com\/fr-fr\/guide\/safari\/sfri11471\/mac\" rel=\"noopener\">Apple Safari<\/a><\/li>\n<\/ul>\n<div>Pour trouver des informations relatives \u00e0 d&rsquo;autres navigateurs, visitez le site Web du navigateur.<\/div>\n<div>Pour ne pas \u00eatre suivi par Google Analytics sur tous les sites Web, visitez :<\/div>\n<div><a target=\"_blank\" href=\"http:\/\/tools.google.com\/dlpage\/gaoptout\" rel=\"noopener\">http:\/\/tools.google.com\/dlpage\/gaoptout.<\/a><\/div>\n<h6 style=\"padding-top: 15px;\">Concernant les R\u00e9seaux sociaux<\/h6>\n<div>Les cookies qui sont d\u00e9pos\u00e9s via les boutons r\u00e9seaux sociaux ont pour finalit\u00e9 de permettre aux utilisateurs du site de faciliter le partage de contenu et d\u2019am\u00e9liorer la convivialit\u00e9. Si vous \u00eates connect\u00e9 au r\u00e9seau social en question au moment o\u00f9 vous naviguez sur un support num\u00e9rique, les boutons applicatifs peuvent permettre de relier les pages consult\u00e9es \u00e0 votre compte utilisateur, et en tout \u00e9tat de cause, de transmettre vos Donn\u00e9es Personnelles \u00e0 ce r\u00e9seau social qui le stockera alors sur ses propres serveurs.<\/div>\n<div>Pour ne pas que le r\u00e9seau social relie les informations collect\u00e9es par l&rsquo;interm\u00e9diaire du Site \u00e0 votre compte utilisateur, il est n\u00e9cessaire de se d\u00e9connecter du r\u00e9seau social avant de visiter le Site web en question.<\/div>\n<div>Ci-dessous les politiques de protection de la vie priv\u00e9e des r\u00e9seaux sociaux afin de prendre connaissance des finalit\u00e9s d&rsquo;utilisation, notamment publicitaires, des informations de navigation qu&rsquo;ils peuvent recueillir gr\u00e2ce \u00e0 ces boutons applicatifs :<\/div>\n<ul style=\"padding-top: 10px; padding-bottom: 10px; padding-left: 10px;\">\n \t<li>Pour Facebook : <a target=\"_blank\" href=\"http:\/\/www.facebook.com\/about\/privacy\/\" rel=\"noopener\">http:\/\/www.facebook.com\/about\/privacy\/<\/a><\/li>\n \t<li>Pour Twitter : <a target=\"_blank\" href=\"https:\/\/twitter.com\/privacy\" rel=\"noopener\">https:\/\/twitter.com\/privacy<\/a><\/li>\n \t<li>Pour Linkedin : <a target=\"_blank\" href=\"http:\/\/fr.linkedin.com\/legal\/cookie-policy\" rel=\"noopener\">http:\/\/fr.linkedin.com\/legal\/cookie-policy<\/a><\/li>\n \t<li>Pour Google : <a target=\"_blank\" href=\"http:\/\/www.google.com\/intl\/en\/policies\/privacy\/\" rel=\"noopener\">http:\/\/www.google.com\/intl\/en\/policies\/privacy\/<\/a><\/li>\n \t<li>Pour Pinterest : <a target=\"_blank\" href=\"https:\/\/about.pinterest.com\/it\/privacy-policy\" rel=\"noopener\">https:\/\/about.pinterest.com\/it\/privacy-policy<\/a><\/li>\n<\/ul>\n<h4 style=\"padding-top: 20px;\">POUR PLUS ALLER PLUS LOIN SUR LES COOKIES INFORMATIONS DE LA CCIN ET DE LA CNIL<\/h4>\n<div>La CCIN met \u00e0 disposition les pages suivantes :<\/div>\n<ul style=\"padding-top: 10px; padding-bottom: 10px; padding-left: 10px;\">\n \t<li><a target=\"_blank\" href=\"https:\/\/www.ccin.mc\/fr\/fiches-pratiques\/l-exploitation-d-un-site-internet-les-bonnes-pratiques-a-respecter\" rel=\"noopener\">L&rsquo;exploitation d&rsquo;un site internet : les bonnes pratiques \u00e0 respecter <\/a><\/li>\n \t<li><a target=\"_blank\" href=\"https:\/\/www.ccin.mc\/fr\/particulier\/vos-traces\" rel=\"noopener\">Tester vos traces <\/a><\/li>\n \t<li><a target=\"_blank\" href=\"https:\/\/www.ccin.mc\/images\/documents\/32c5eab5e5e3c6ead582ea38b40dc939-Delib-2019-083-Recommandation-cookies.pdf\" rel=\"noopener\">D\u00e9lib\u00e9ration n\u00b0 2019-083 du 15 mai 2019 de la Commission de Contr\u00f4le des Informations Nominatives portant recommandation sur les modalit\u00e9s de d\u00e9p\u00f4t et la dur\u00e9e de conservation des cookies et autres traceurs sur les rminaux d\u2019utilisateurs de r\u00e9seaux de communication \u00e9lectronique <\/a><\/li>\n<\/ul>\n<div>La CNIL met \u00e0 disposition les pages suivantes<\/div>\n<ul style=\"padding-top: 10px; padding-bottom: 10px; padding-left: 10px;\">\n \t<li><a target=\"_blank\" href=\"https:\/\/www.cnil.fr\/fr\/cookies-et-autres-traceurs\" rel=\"noopener\">Site web, cookies et autres traceurs <\/a><\/li>\n \t<li><a target=\"_blank\" href=\"https:\/\/www.cnil.fr\/fr\/cookies-les-outils-pour-les-maitriser\" rel=\"noopener\">Cookies : les outils pour les ma\u00eetriser <\/a><\/li>\n \t<li><a target=\"_blank\" href=\"https:\/\/www.cnil.fr\/fr\/cookies-et-autres-traceurs-la-cnil-publie-des-lignes-directrices-modificatives-et-sa-recommandation\" rel=\"noopener\">Cookies et autres traceurs : la CNIL publie des lignes directrices modificatives et sa recommandation <\/a><\/li>\n \t<li><a target=\"_blank\" href=\"https:\/\/www.cnil.fr\/fr\/cnil-direct\/question\/un-cookie-quest-ce-que-cest\" rel=\"noopener\">Un cookie : qu&rsquo;est-ce que c&rsquo;est ? <\/a><\/li>\n \t<li><a target=\"_blank\" href=\"https:\/\/www.cnil.fr\/fr\/cookies-une-vingtaine-organismes-mis-en-demeure\" rel=\"noopener\">Refuser les cookies doit \u00eatre aussi simple que de les accepter : une vingtaine d\u2019organismes mis en demeure<\/a><\/li>\n<\/ul>\n<h4 style=\"padding-top: 20px;\">POUR TOUTE DEMANDE D\u2019INFORMATION COMPLEMENTAIRE, S\u2019ADRESSER A :<\/h4>\n<div>engIT Monaco<\/div>\n<div>17 avenue Albert II<\/div>\n<div>98000 Monaco<\/div>\n<div><a href=\"mailto:dpo@engit.mc\">dpo@engit.mc<\/a><\/div>\n<\/div>\n<\/div>\n<\/div>\n<\/div>\n<\/div>\n<\/div>\n<\/div>\n<\/div>\n<\/div>\n<\/div>","protected":false},"excerpt":{"rendered":"<p>UTILISATION DES COOKIES PAR LE SITE WWW.ENGIT.MC Le site www.engit.mc n\u2019utilise pas de cookies. Ainsi, lorsque vous vous connectez au site, le site ne collecte ou ne conserve aucune donn\u00e9e vous concernant. INFORMATIONS GENERALES SUR LES COOKIES Qu&rsquo;est-ce qu&rsquo;un \u00ab\u00a0cookie\u00a0\u00bb ? Un \u00ab\u00a0cookie\u00a0\u00bb est un fichier de taille limit\u00e9e, g\u00e9n\u00e9ralement constitu\u00e9 de lettres et de [&hellip;]<\/p>\n","protected":false},"author":4,"featured_media":0,"parent":0,"menu_order":0,"comment_status":"closed","ping_status":"closed","template":"page-templates\/full-width-page.php","meta":{"footnotes":""},"class_list":["post-762","page","type-page","status-publish","hentry"],"_links":{"self":[{"href":"https:\/\/www.engit.mc\/index.php\/wp-json\/wp\/v2\/pages\/762","targetHints":{"allow":["GET"]}}],"collection":[{"href":"https:\/\/www.engit.mc\/index.php\/wp-json\/wp\/v2\/pages"}],"about":[{"href":"https:\/\/www.engit.mc\/index.php\/wp-json\/wp\/v2\/types\/page"}],"author":[{"embeddable":true,"href":"https:\/\/www.engit.mc\/index.php\/wp-json\/wp\/v2\/users\/4"}],"replies":[{"embeddable":true,"href":"https:\/\/www.engit.mc\/index.php\/wp-json\/wp\/v2\/comments?post=762"}],"version-history":[{"count":12,"href":"https:\/\/www.engit.mc\/index.php\/wp-json\/wp\/v2\/pages\/762\/revisions"}],"predecessor-version":[{"id":1562,"href":"https:\/\/www.engit.mc\/index.php\/wp-json\/wp\/v2\/pages\/762\/revisions\/1562"}],"wp:attachment":[{"href":"https:\/\/www.engit.mc\/index.php\/wp-json\/wp\/v2\/media?parent=762"}],"curies":[{"name":"wp","href":"https:\/\/api.w.org\/{rel}","templated":true}]}}